{"id":1856,"date":"2026-02-17T04:55:24","date_gmt":"2026-02-17T04:55:24","guid":{"rendered":"https:\/\/karlydigitalworld.com\/?post_type=product&#038;p=1856"},"modified":"2026-02-17T04:55:24","modified_gmt":"2026-02-17T04:55:24","slug":"das-silva-ultramind-system-vishen-mindvalley-auf-deutsch","status":"publish","type":"product","link":"https:\/\/karlydigitalworld.com\/index.php\/product\/das-silva-ultramind-system-vishen-mindvalley-auf-deutsch\/","title":{"rendered":"Das Silva Ultramind System Vishen Mindvalley (Auf Deutsch)"},"content":{"rendered":"<h3 style=\"text-align: center;\">Setze das Potential deines Verstandes<\/h3>\n<h3 style=\"text-align: center;\">mit dem Silva Ultramind System frei<\/h3>\n<p>&nbsp;<\/p>\n<p>Das Silva Ultramind System ist eine h\u00f6chst optimierte Methode, um das gesamte Potential deines Verstandes zu erwecken.<\/p>\n<p>Es basiert auf der Silva-Methode, einer bahnbrechenden Methode, mit der du deinen Verstand bef\u00e4higst. Sie wurde 1960 von Jos\u00e9 Silva, einem texanischen Radio-Ingenieur, ins Leben gerufen und fand Anklang bei mehr als 6 Millionen Anh\u00e4nger*innen in \u00fcber 110 L\u00e4ndern.<\/p>\n<p>Durch den leicht nachvollziehbaren Aufbau der Methode entwickelst du ein instinktives Verst\u00e4ndnis f\u00fcr die vier prim\u00e4ren Bewusstseinszust\u00e4nde des menschlichen Geistes und lernst, wie du diese nutzen kannst, um dich optimal zu entwickeln, zu handeln und dein bestes Leben zu f\u00fchren:<\/p>\n<ol>\n<li style=\"list-style-type: none;\">\n<ol>\n<li><strong>DIE BETA-EBENE<\/strong><br \/>\nDein normaler Bewusstseinszustand, wenn du wach und aufmerksam bist.<\/li>\n<\/ol>\n<\/li>\n<\/ol>\n<p>&nbsp;<\/p>\n<ol>\n<li><strong>DIE ALPHA-EBENE<\/strong><br \/>\nEin ruhiger und empf\u00e4nglicher Zustand, der w\u00e4hrend Entspannungsphasen und leichtem Schlaf eintritt. Das ist der optimale Zustand, um zu lernen, zu wachsen und Selbstbewusstsein zu entwickeln.<\/li>\n<li><strong>DIE THETA-EBENE<\/strong><br \/>\nDer Zustand der Meditation und des Tiefschlafs. Dieser l\u00e4sst Selbstreflexion, Selbsthypnose, Geist-K\u00f6rper-Heilung und mehr zu.<\/li>\n<li><strong>DIE DELTA-EBENE<\/strong><br \/>\nDer tiefste Zustand des Unbewusstseins und des traumlosen Schlafes.<\/li>\n<\/ol>\n<p>&nbsp;<\/p>\n<p>Nach Jahrzehnten gr\u00fcndlicher Fallstudien und Forschung konnte durch die Silva-Methode herausgefunden werden, dass die\u00a0<strong>Alpha-<\/strong>\u00a0und\u00a0<strong>Theta-Ebenen<\/strong>\u00a0unseres Bewusstseins die wichtigste Rolle in der Pers\u00f6nlichkeitsentwicklung eines Menschen spielen.<\/p>\n<p>Diese Beobachtung wurde vielfach begutachtet und best\u00e4tigt, einschlie\u00dflich von Studien zu indigenen Gemeinschaften, die das \u201emehrphasige\u201d Verst\u00e4ndnis von Bewusstsein nutzen, um verborgene Kr\u00e4fte in durchschnittlichen Menschen zu erwecken.<\/p>\n<p>Das Silva Ultramind System gibt dir Techniken an die Hand, mit deren Hilfe du beliebig auf diese Kr\u00e4fte zugreifen kannst. Dein Leben zu ver\u00e4ndern wird also dank dieser Techniken so einfach und nat\u00fcrlich von der Hand gehen wie ein gew\u00f6hnlicher Atemzug.<\/p>\n<p>&nbsp;<\/p>\n<div class=\"mv-container min-h-fit storyblok__outline\" data-v-65686310=\"\" data-blok-c=\"undefined\" data-blok-uid=\"undefined\">\n<div class=\"w-full text-center lg_w-2\/3 mx-auto min-h-fit storyblok__outline\" data-v-65686310=\"\" data-blok-c=\"undefined\" data-blok-uid=\"undefined\">\n<div class=\"pb-markdown min-h-fit mv-type--titlebold4 text-center mb-8 md_mb-10 lg_mb-12 storyblok__outline\" data-v-65686310=\"\" data-blok-c=\"undefined\" data-blok-uid=\"undefined\">\n<h2 style=\"text-align: center;\">Der Kursaufbau<\/h2>\n<\/div>\n<\/div>\n<\/div>\n<div id=\"\" class=\"mv-container min-h-fit storyblok__outline\" data-v-65686310=\"\" data-blok-c=\"undefined\" data-blok-uid=\"undefined\">\n<div class=\"pb-markdown min-h-fit mv-type--titlebold5 text-center mb-8 md_mb-12 lg_mb-16 lg_w-2\/3 mx-auto storyblok__outline\" data-v-65686310=\"\" data-blok-c=\"undefined\" data-blok-uid=\"undefined\">\n<h2 style=\"text-align: center;\">Wie die Quest Das Silva Ultramind System aufgebaut ist<\/h2>\n<p>&nbsp;<\/p>\n<p><img fetchpriority=\"high\" decoding=\"async\" class=\"aligncenter\" src=\"https:\/\/storyblok-cdn.mindvalley.com\/f\/60579\/2068x1110\/a642a868e4\/sums_de_sp_devices_curriculum.jpg?quality=60&amp;auto=webp&amp;dpr=1&amp;width=auto\" alt=\"Das Silva Ultramind System\" width=\"920\" height=\"494\" \/><\/p>\n<\/div>\n<\/div>\n","protected":false},"excerpt":{"rendered":"<h3>Setze das Potential deines Verstandes\u00a0mit dem Silva Ultramind System frei<\/h3>\n<p>\u2705 Lektion 29<\/p>\n<p>\u23f1 12 Stunden 30 Minuten<\/p>\n<p>\ud83d\udc42\ud83c\udffbAudio Auf Deutsch<\/p>\n<p>Zugriff \u00fcber Google Drive<\/p>\n","protected":false},"featured_media":1857,"comment_status":"open","ping_status":"closed","template":"","meta":{"site-sidebar-layout":"default","site-content-layout":"","ast-site-content-layout":"default","site-content-style":"default","site-sidebar-style":"default","ast-global-header-display":"","ast-banner-title-visibility":"","ast-main-header-display":"","ast-hfb-above-header-display":"","ast-hfb-below-header-display":"","ast-hfb-mobile-header-display":"","site-post-title":"","ast-breadcrumbs-content":"","ast-featured-img":"","footer-sml-layout":"","theme-transparent-header-meta":"default","adv-header-id-meta":"","stick-header-meta":"","header-above-stick-meta":"","header-main-stick-meta":"","header-below-stick-meta":"","astra-migrate-meta-layouts":"set","ast-page-background-enabled":"default","ast-page-background-meta":{"desktop":{"background-color":"var(--ast-global-color-4)","background-image":"","background-repeat":"repeat","background-position":"center center","background-size":"auto","background-attachment":"scroll","background-type":"","background-media":"","overlay-type":"","overlay-color":"","overlay-gradient":""},"tablet":{"background-color":"","background-image":"","background-repeat":"repeat","background-position":"center center","background-size":"auto","background-attachment":"scroll","background-type":"","background-media":"","overlay-type":"","overlay-color":"","overlay-gradient":""},"mobile":{"background-color":"","background-image":"","background-repeat":"repeat","background-position":"center center","background-size":"auto","background-attachment":"scroll","background-type":"","background-media":"","overlay-type":"","overlay-color":"","overlay-gradient":""}},"ast-content-background-meta":{"desktop":{"background-color":"var(--ast-global-color-5)","background-image":"","background-repeat":"repeat","background-position":"center center","background-size":"auto","background-attachment":"scroll","background-type":"","background-media":"","overlay-type":"","overlay-color":"","overlay-gradient":""},"tablet":{"background-color":"var(--ast-global-color-5)","background-image":"","background-repeat":"repeat","background-position":"center center","background-size":"auto","background-attachment":"scroll","background-type":"","background-media":"","overlay-type":"","overlay-color":"","overlay-gradient":""},"mobile":{"background-color":"var(--ast-global-color-5)","background-image":"","background-repeat":"repeat","background-position":"center center","background-size":"auto","background-attachment":"scroll","background-type":"","background-media":"","overlay-type":"","overlay-color":"","overlay-gradient":""}},"_joinchat":[]},"product_cat":[22,21,37],"product_tag":[],"_links":{"self":[{"href":"https:\/\/karlydigitalworld.com\/index.php\/wp-json\/wp\/v2\/product\/1856"}],"collection":[{"href":"https:\/\/karlydigitalworld.com\/index.php\/wp-json\/wp\/v2\/product"}],"about":[{"href":"https:\/\/karlydigitalworld.com\/index.php\/wp-json\/wp\/v2\/types\/product"}],"replies":[{"embeddable":true,"href":"https:\/\/karlydigitalworld.com\/index.php\/wp-json\/wp\/v2\/comments?post=1856"}],"wp:featuredmedia":[{"embeddable":true,"href":"https:\/\/karlydigitalworld.com\/index.php\/wp-json\/wp\/v2\/media\/1857"}],"wp:attachment":[{"href":"https:\/\/karlydigitalworld.com\/index.php\/wp-json\/wp\/v2\/media?parent=1856"}],"wp:term":[{"taxonomy":"product_cat","embeddable":true,"href":"https:\/\/karlydigitalworld.com\/index.php\/wp-json\/wp\/v2\/product_cat?post=1856"},{"taxonomy":"product_tag","embeddable":true,"href":"https:\/\/karlydigitalworld.com\/index.php\/wp-json\/wp\/v2\/product_tag?post=1856"}],"curies":[{"name":"wp","href":"https:\/\/api.w.org\/{rel}","templated":true}]}}