{"id":1817,"date":"2025-09-20T19:19:10","date_gmt":"2025-09-20T19:19:10","guid":{"rendered":"https:\/\/karlydigitalworld.com\/?post_type=product&#038;p=1817"},"modified":"2025-09-20T19:19:10","modified_gmt":"2025-09-20T19:19:10","slug":"le-leadership-transformationnel-monty-moran-mindvalley-en-francais","status":"publish","type":"product","link":"https:\/\/karlydigitalworld.com\/index.php\/product\/le-leadership-transformationnel-monty-moran-mindvalley-en-francais\/","title":{"rendered":"Le leadership transformationnel Monty Moran Mindvalley (En Fran\u00e7ais)"},"content":{"rendered":"<div class=\"pb-markdown min-h-fit mv-type--titlebold3 storyblok__outline\" data-v-65686310=\"\" data-blok-c=\"undefined\" data-blok-uid=\"undefined\">\n<h4 style=\"text-align: center;\"><span dir=\"auto\">Devenez un leader qui transforme les gens qui vous entourent avec Monty Moran, le PDG visionnaire qui a fait de Chipotle l&#8217;un des restaurants les plus appr\u00e9ci\u00e9s au monde<\/span><\/h4>\n<\/div>\n<div class=\"pb-markdown min-h-fit mv-type--title5 storyblok__outline\" data-v-65686310=\"\" data-blok-c=\"undefined\" data-blok-uid=\"undefined\"><\/div>\n<div data-v-65686310=\"\" data-blok-c=\"undefined\" data-blok-uid=\"undefined\">Pour les chefs d&#8217;entreprise de tous niveaux : rejoignez l&#8217;ancien PDG de Chipotle, Monty Moran, alors que vous ma\u00eetrisez les outils, les comp\u00e9tences et les changements d&#8217;\u00e9tat d&#8217;esprit du leadership transformationnel &#8211; afin que vous puissiez diriger votre \u00e9quipe et vous-m\u00eame vers une croissance et un impact r\u00e9volutionnaires.<\/div>\n<div data-v-65686310=\"\" data-blok-c=\"undefined\" data-blok-uid=\"undefined\"><\/div>\n<div data-v-65686310=\"\" data-blok-c=\"undefined\" data-blok-uid=\"undefined\"><\/div>\n<div data-v-65686310=\"\" data-blok-c=\"undefined\" data-blok-uid=\"undefined\">\n<div class=\"pb-markdown min-h-fit mv-type--titlebold8 storyblok__outline\" data-v-65686310=\"\" data-blok-c=\"undefined\" data-blok-uid=\"undefined\">\n<h5 style=\"text-align: center;\"><span dir=\"auto\">Un programme pour le chef d&#8217;entreprise qui souhaite diriger, vivre et grandir au plus haut niveau, tout en servant de force \u00e9difiante pour le bien<\/span><\/h5>\n<p>&nbsp;<\/p>\n<\/div>\n<div class=\"pb-markdown min-h-fit mv-type--body mt-4 storyblok__outline\" data-v-65686310=\"\" data-blok-c=\"undefined\" data-blok-uid=\"undefined\">\n<p><span dir=\"auto\">La philosophie de Monty Moran, le PDG visionnaire qui a propuls\u00e9 Chipotle dans la stratosph\u00e8re, peut se r\u00e9sumer en une phrase :<\/span><\/p>\n<p><strong><span dir=\"auto\">Arr\u00eatez de g\u00e9rer et commencez \u00e0 diriger.<\/span><\/strong><\/p>\n<p>&nbsp;<\/p>\n<p><span dir=\"auto\">Selon Monty, de nombreux dirigeants passent leurs ann\u00e9es les plus importantes \u00e0 agir comme des managers glorifi\u00e9s, au lieu de r\u00e9aliser leur plein potentiel en tant que leaders.<\/span><\/p>\n<p>&nbsp;<\/p>\n<p><span dir=\"auto\">Et vous aussi pourriez tomber dans ce pi\u00e8ge, si vous n&#8217;avez pas encore pleinement ma\u00eetris\u00e9 des comp\u00e9tences essentielles telles que :<\/span><\/p>\n<ul>\n<li><span dir=\"auto\">D\u00e9velopper une\u00a0<\/span><strong><span dir=\"auto\">pr\u00e9sence magn\u00e9tique<\/span><\/strong><span dir=\"auto\">\u00a0qui inspire vos collaborateurs \u00e0 vouloir vous suivre.<\/span><\/li>\n<li><span dir=\"auto\">\u00c9laborer et maintenir\u00a0<\/span><strong><span dir=\"auto\">des visions imparables<\/span><\/strong><span dir=\"auto\">\u00a0qui stimulent la passion, la collaboration et l\u2019\u00e9lan \u00e0 l\u2019\u00e9chelle de l\u2019entreprise.<\/span><\/li>\n<li><span dir=\"auto\">Concevoir une\u00a0<\/span><strong><span dir=\"auto\">culture d\u2019entreprise de classe mondiale<\/span><\/strong><span dir=\"auto\">\u00a0qui rassemble les meilleurs \u00e9l\u00e9ments et fait ressortir le meilleur de chacun d\u2019eux.<\/span><\/li>\n<li><span dir=\"auto\">Et cultiver un\u00a0<\/span><strong><span dir=\"auto\">monde int\u00e9rieur riche<\/span><\/strong><span dir=\"auto\">\u00a0qui vous permet de vivre et de travailler dans une inspiration, une connexion, une humanit\u00e9 et une gratitude perp\u00e9tuelles, m\u00eame dans les moments les plus difficiles.<\/span><\/li>\n<\/ul>\n<p>&nbsp;<\/p>\n<p><span dir=\"auto\">Toutes ces comp\u00e9tences et bien d\u2019autres se r\u00e9unissent dans un \u00e9tat de pointe que Monty appelle\u00a0<\/span><strong><span dir=\"auto\">le leadership transformationnel<\/span><\/strong><span dir=\"auto\">\u00a0.<\/span><\/p>\n<p>&nbsp;<\/p>\n<p><span dir=\"auto\">C\u2019est l\u2019\u00e9tat dans lequel il a perfectionn\u00e9 sa capacit\u00e9 \u00e0 b\u00e2tir l\u2019une des plus grandes histoires de croissance, de culture et d\u2019impact positif du monde des affaires.<\/span><\/p>\n<p>&nbsp;<\/p>\n<p><span dir=\"auto\">Et gr\u00e2ce \u00e0 son tout premier programme Mindvalley : vous aussi pouvez d\u00e9sormais ma\u00eetriser le leadership transformationnel et r\u00e9volutionner \u00e0 la fois votre entreprise et votre vie en tant que leader.<\/span><\/p>\n<p>&nbsp;<\/p>\n<\/div>\n<\/div>\n<div class=\"w-full lg_w-2\/3 mx-auto mb-7 md_mb-9 min-h-fit storyblok__outline\" data-v-65686310=\"\" data-blok-c=\"undefined\" data-blok-uid=\"undefined\">\n<div class=\"pb-markdown min-h-fit mv-type--titlebold5 text-center storyblok__outline\" data-v-65686310=\"\" data-blok-c=\"undefined\" data-blok-uid=\"undefined\">\n<h3 style=\"text-align: center;\"><span dir=\"auto\">Un syst\u00e8me \u00e9tape par \u00e9tape qui vous \u00e9l\u00e8ve au rang de leader transformationnel &#8211; en seulement 14 jours<\/span><\/h3>\n<p>&nbsp;<\/p>\n<\/div>\n<\/div>\n<div id=\"\" class=\"w-full lg_w-2\/3 mx-auto min-h-fit storyblok__outline\" data-v-65686310=\"\" data-blok-c=\"undefined\" data-blok-uid=\"undefined\">\n<div class=\"pb-markdown min-h-fit mv-type--body storyblok__outline\" data-v-65686310=\"\" data-blok-c=\"undefined\" data-blok-uid=\"undefined\">\n<p><span dir=\"auto\">Le leadership transformationnel n\u2019est pas un don ou un talent : mais plut\u00f4t un processus syst\u00e9matique que tout leader peut appliquer pour obtenir des r\u00e9compenses qui changent la donne au travail et dans la vie.<\/span><\/p>\n<p>&nbsp;<\/p>\n<p><span dir=\"auto\">Et dans le programme The Transformational Leader, vous \u00eates guid\u00e9 \u00e0 chaque \u00e9tape de ce processus par Monty Moran lui-m\u00eame.<\/span><\/p>\n<p>&nbsp;<\/p>\n<p><span dir=\"auto\">Contrairement aux programmes de gestion ou de leadership classiques, The Transformational Leader vous emm\u00e8ne sur un chemin beaucoup plus profond et plus enrichissant : en mettant l&#8217;accent sur vous en tant que leader et sur vous en tant qu&#8217;individu unique.<\/span><\/p>\n<p>&nbsp;<\/p>\n<p><span dir=\"auto\">Vous exploiterez les outils et strat\u00e9gies phares de Monty pour am\u00e9liorer vos comp\u00e9tences en leadership et votre performance\u00a0: votre \u00e9tat d\u2019esprit et votre r\u00e9flexion, vos objectifs et votre vision, ainsi que votre communication, tant au sein de l\u2019entreprise que dans votre vie personnelle.<\/span><\/p>\n<p>&nbsp;<\/p>\n<p><span dir=\"auto\">Et votre capacit\u00e9 \u00e0 vous diriger, vous et vos collaborateurs, vers une croissance r\u00e9volutionnaire et un impact positif extraordinaire.<\/span><\/p>\n<\/div>\n<\/div>\n<p>&nbsp;<\/p>\n<div class=\"mv-container min-h-fit storyblok__outline\" data-v-65686310=\"\" data-blok-c=\"undefined\" data-blok-uid=\"undefined\">\n<div class=\"w-full text-center lg_w-2\/3 mx-auto min-h-fit storyblok__outline\" data-v-65686310=\"\" data-blok-c=\"undefined\" data-blok-uid=\"undefined\">\n<div class=\"pb-markdown min-h-fit mv-type--titlebold4 text-center mb-8 md_mb-12 storyblok__outline\" data-v-65686310=\"\" data-blok-c=\"undefined\" data-blok-uid=\"undefined\">\n<h2 style=\"text-align: center;\"><span dir=\"auto\">Ce que vous gagnerez avec The Transformational Leader<\/span><\/h2>\n<p>&nbsp;<\/p>\n<\/div>\n<\/div>\n<\/div>\n<div class=\"mv-container min-h-fit storyblok__outline\" data-v-65686310=\"\" data-blok-c=\"undefined\" data-blok-uid=\"undefined\">\n<div class=\"pb-markdown min-h-fit lg_w-2\/3 mx-auto mv-type--title6 mv-list__number --spacious storyblok__outline\" data-v-65686310=\"\" data-blok-c=\"undefined\" data-blok-uid=\"undefined\">\n<ol>\n<li><span dir=\"auto\">Am\u00e9liorez vos comp\u00e9tences en leadership<\/span>\n<p class=\"mv-type--body\"><span dir=\"auto\">Les leaders d&#8217;exception savent que le leadership n&#8217;est pas une comp\u00e9tence unique, mais plut\u00f4t un ensemble de comp\u00e9tences \u00e0 incarner harmonieusement. Vous ma\u00eetriserez chacune d&#8217;elles de mani\u00e8re syst\u00e9matique tout au long du programme, vous deviendrez un leader infiniment plus complet, capable d&#8217;inspirer, de susciter des changements positifs et de relever les d\u00e9fis dans tous les aspects de votre organisation et de votre vie.<\/span><\/p>\n<\/li>\n<li><span dir=\"auto\">Construire une culture d&#8217;entreprise transformationnelle<\/span>\n<p class=\"mv-type--body\"><span dir=\"auto\">Vous serez guid\u00e9 \u00e0 travers les \u00e9tapes pr\u00e9cises pour b\u00e2tir une culture qui propulse naturellement votre vision et votre entreprise. Attirer et fid\u00e9liser les talents, optimiser la collaboration et la productivit\u00e9, et permettre \u00e0 vos collaborateurs de d\u00e9couvrir et de donner le meilleur d&#8217;eux-m\u00eames\u00a0: votre culture deviendra l&#8217;un de vos plus grands atouts.<\/span><\/p>\n<\/li>\n<li><span dir=\"auto\">Motivez et inspirez vos collaborateurs, de mani\u00e8re authentique<\/span>\n<p class=\"mv-type--body\"><span dir=\"auto\">Tout au long du programme, vous acquerrez des strat\u00e9gies de communication simples mais ing\u00e9nieuses qui vous permettront de gagner en efficacit\u00e9 pour inciter \u00e0 l&#8217;action, inspirer loyaut\u00e9 et respect, et diriger avec humanit\u00e9. Vous ma\u00eetriserez ensuite l&#8217;art de cr\u00e9er et de communiquer des objectifs et des visions stimulants qui susciteront le m\u00eame engagement de chaque membre de l&#8217;\u00e9quipe.<\/span><\/p>\n<\/li>\n<li><span dir=\"auto\">R\u00e9clamez votre pouvoir gr\u00e2ce \u00e0 la vuln\u00e9rabilit\u00e9<\/span>\n<p class=\"mv-type--body\"><span dir=\"auto\">Les meilleurs leaders n&#8217;ont pas peur d&#8217;afficher leur vuln\u00e9rabilit\u00e9. Car, bien communiqu\u00e9e, cette vuln\u00e9rabilit\u00e9 ne vous affaiblit pas : elle vous rapproche de vos collaborateurs et r\u00e9v\u00e8le des v\u00e9rit\u00e9s, des opportunit\u00e9s et des dynamiques qui autrement resteraient cach\u00e9es. Vous d\u00e9couvrirez comment exploiter au mieux ce pouvoir \u00e0 votre avantage et \u00e0 celui de tous.<\/span><\/p>\n<\/li>\n<li><span dir=\"auto\">Boostez les performances de votre \u00e9quipe<\/span>\n<p class=\"mv-type--body\"><span dir=\"auto\">Un leader exceptionnel, une culture d&#8217;entreprise exceptionnelle et une approche de communication et de collaboration hors pair sont autant de facteurs qui conduisent \u00e0 des performances exceptionnelles. Vous apprendrez pr\u00e9cis\u00e9ment \u00e0 exploiter les changements majeurs que vous apportez \u00e0 vous-m\u00eame et \u00e0 votre organisation pour permettre \u00e0 vos collaborateurs de donner le meilleur d&#8217;eux-m\u00eames, en permanence et en un temps record.<\/span><\/p>\n<\/li>\n<li><span dir=\"auto\">Adoptez votre nouvelle identit\u00e9 de leader transformationnel<\/span>\n<p class=\"mv-type--body\"><span dir=\"auto\">Le r\u00e9sultat final de votre parcours est que vous \u00e9voluerez durablement vers un leader transformationnel, par nature et par temp\u00e9rament. Vous vivrez ces principes, vous les respirerez et vous les incarnerez \u00e0 chaque instant et \u00e0 chaque interaction \u2013 naturellement et intuitivement, sans jamais retomber dans les sch\u00e9mas et les pens\u00e9es qui vous freinaient.<\/span><\/p>\n<\/li>\n<li><\/li>\n<\/ol>\n<\/div>\n<div class=\"mv-container min-h-fit storyblok__outline\" data-v-65686310=\"\" data-blok-c=\"undefined\" data-blok-uid=\"undefined\">\n<div class=\"w-full text-center lg_w-2\/3 mx-auto min-h-fit storyblok__outline\" data-v-65686310=\"\" data-blok-c=\"undefined\" data-blok-uid=\"undefined\">\n<div class=\"pb-markdown min-h-fit mv-type--titlebold4 text-center mb-8 md_mb-10 lg_mb-12 storyblok__outline\" data-v-65686310=\"\" data-blok-c=\"undefined\" data-blok-uid=\"undefined\">\n<h2 style=\"text-align: center;\"><span dir=\"auto\">Le programme<\/span><\/h2>\n<\/div>\n<\/div>\n<\/div>\n<div id=\"\" class=\"mv-container min-h-fit storyblok__outline\" data-v-65686310=\"\" data-blok-c=\"undefined\" data-blok-uid=\"undefined\">\n<div class=\"pb-markdown min-h-fit mv-type--titlebold5 text-center mb-8 md_mb-12 lg_mb-16 lg_w-2\/3 mx-auto storyblok__outline\" data-v-65686310=\"\" data-blok-c=\"undefined\" data-blok-uid=\"undefined\">\n<h3 style=\"text-align: center;\"><span dir=\"auto\">D\u00e9couvrez le programme\u00a0 Le leader transformationnel\u00a0<\/span><\/h3>\n<p>&nbsp;<\/p>\n<p><img decoding=\"async\" class=\"aligncenter\" src=\"https:\/\/storyblok-cdn.mindvalley.com\/f\/60579\/2068x1110\/405e8337e7\/tl_sp_devices_curriculum_en.png?quality=60&amp;auto=webp&amp;dpr=1.100000023841858&amp;width=800\" alt=\"Le leader transformationnel sur plusieurs appareils\" \/><\/p>\n<\/div>\n<p><span dir=\"auto\">The Transformational Leader est un programme en ligne de 14 jours destin\u00e9 aux dirigeants de tous niveaux qui cherchent \u00e0 ma\u00eetriser le leadership dans sa forme la plus efficace et la plus \u00e9panouissante, tout en servant de force pour le bien.<\/span><\/p>\n<p>&nbsp;<\/p>\n<p><span dir=\"auto\">Avec Monty Moran comme coach en leadership, vous perfectionnerez vos comp\u00e9tences quotidiennement gr\u00e2ce \u00e0 des le\u00e7ons vid\u00e9o de la taille d&#8217;une bouch\u00e9e qui vous donneront les outils, l&#8217;\u00e9tat d&#8217;esprit et l&#8217;\u00e2me dont vous avez besoin pour conduire les autres (et vous-m\u00eame) vers des r\u00e9sultats transformateurs.<\/span><\/p>\n<p>&nbsp;<\/p>\n<p><span dir=\"auto\">De la culture d&#8217;entreprise \u00e0 l&#8217;inspiration de vos collaborateurs et \u00e0 l&#8217;\u00e9veil de leur talent, en passant par la d\u00e9finition et la r\u00e9alisation de visions imparables, et par l&#8217;am\u00e9lioration de votre fa\u00e7on de penser, de vous pr\u00e9senter et d&#8217;agir chaque jour en tant que leader et en tant qu&#8217;\u00eatre humain :<\/span><\/p>\n<p>&nbsp;<\/p>\n<p><span dir=\"auto\">Vous sortirez du programme non seulement en tant que leader transformationnel, mais m\u00eame en tant que nouvelle personne dont la passion extraordinaire, la compassion et m\u00eame la vuln\u00e9rabilit\u00e9 courageuse \u00e9l\u00e8vent tout et tout le monde en votre pr\u00e9sence.<\/span><\/p>\n<\/div>\n<\/div>\n","protected":false},"excerpt":{"rendered":"<div class=\"pb-markdown min-h-fit mv-type--titlebold3 storyblok__outline\" data-v-65686310=\"\" data-blok-c=\"undefined\" data-blok-uid=\"undefined\">\n<h5><span dir=\"auto\">Devenez un leader qui transforme les gens qui vous entourent avec Monty Moran, le PDG visionnaire qui a fait de Chipotle l&#8217;un des restaurants les plus appr\u00e9ci\u00e9s au monde<\/span><\/h5>\n<\/div>\n<div class=\"pb-markdown min-h-fit mv-type--title5 storyblok__outline\" data-v-65686310=\"\" data-blok-c=\"undefined\" data-blok-uid=\"undefined\">\n<p>\u2705 Le\u00e7on 14<\/p>\n<p>\u23f1 3 Heures 46 Minutes<\/p>\n<p>\ud83d\udc42\ud83c\udffbAudio en fran\u00e7ais<\/p>\n<p>Acc\u00e9der \u00e0 Google Drive<\/p>\n<\/div>\n","protected":false},"featured_media":1818,"comment_status":"open","ping_status":"closed","template":"","meta":{"site-sidebar-layout":"default","site-content-layout":"","ast-site-content-layout":"default","site-content-style":"default","site-sidebar-style":"default","ast-global-header-display":"","ast-banner-title-visibility":"","ast-main-header-display":"","ast-hfb-above-header-display":"","ast-hfb-below-header-display":"","ast-hfb-mobile-header-display":"","site-post-title":"","ast-breadcrumbs-content":"","ast-featured-img":"","footer-sml-layout":"","theme-transparent-header-meta":"default","adv-header-id-meta":"","stick-header-meta":"","header-above-stick-meta":"","header-main-stick-meta":"","header-below-stick-meta":"","astra-migrate-meta-layouts":"set","ast-page-background-enabled":"default","ast-page-background-meta":{"desktop":{"background-color":"var(--ast-global-color-4)","background-image":"","background-repeat":"repeat","background-position":"center center","background-size":"auto","background-attachment":"scroll","background-type":"","background-media":"","overlay-type":"","overlay-color":"","overlay-gradient":""},"tablet":{"background-color":"","background-image":"","background-repeat":"repeat","background-position":"center center","background-size":"auto","background-attachment":"scroll","background-type":"","background-media":"","overlay-type":"","overlay-color":"","overlay-gradient":""},"mobile":{"background-color":"","background-image":"","background-repeat":"repeat","background-position":"center center","background-size":"auto","background-attachment":"scroll","background-type":"","background-media":"","overlay-type":"","overlay-color":"","overlay-gradient":""}},"ast-content-background-meta":{"desktop":{"background-color":"var(--ast-global-color-5)","background-image":"","background-repeat":"repeat","background-position":"center center","background-size":"auto","background-attachment":"scroll","background-type":"","background-media":"","overlay-type":"","overlay-color":"","overlay-gradient":""},"tablet":{"background-color":"var(--ast-global-color-5)","background-image":"","background-repeat":"repeat","background-position":"center center","background-size":"auto","background-attachment":"scroll","background-type":"","background-media":"","overlay-type":"","overlay-color":"","overlay-gradient":""},"mobile":{"background-color":"var(--ast-global-color-5)","background-image":"","background-repeat":"repeat","background-position":"center center","background-size":"auto","background-attachment":"scroll","background-type":"","background-media":"","overlay-type":"","overlay-color":"","overlay-gradient":""}},"_joinchat":[]},"product_cat":[22,20],"product_tag":[],"_links":{"self":[{"href":"https:\/\/karlydigitalworld.com\/index.php\/wp-json\/wp\/v2\/product\/1817"}],"collection":[{"href":"https:\/\/karlydigitalworld.com\/index.php\/wp-json\/wp\/v2\/product"}],"about":[{"href":"https:\/\/karlydigitalworld.com\/index.php\/wp-json\/wp\/v2\/types\/product"}],"replies":[{"embeddable":true,"href":"https:\/\/karlydigitalworld.com\/index.php\/wp-json\/wp\/v2\/comments?post=1817"}],"wp:featuredmedia":[{"embeddable":true,"href":"https:\/\/karlydigitalworld.com\/index.php\/wp-json\/wp\/v2\/media\/1818"}],"wp:attachment":[{"href":"https:\/\/karlydigitalworld.com\/index.php\/wp-json\/wp\/v2\/media?parent=1817"}],"wp:term":[{"taxonomy":"product_cat","embeddable":true,"href":"https:\/\/karlydigitalworld.com\/index.php\/wp-json\/wp\/v2\/product_cat?post=1817"},{"taxonomy":"product_tag","embeddable":true,"href":"https:\/\/karlydigitalworld.com\/index.php\/wp-json\/wp\/v2\/product_tag?post=1817"}],"curies":[{"name":"wp","href":"https:\/\/api.w.org\/{rel}","templated":true}]}}