{"id":1635,"date":"2024-09-19T16:11:44","date_gmt":"2024-09-19T16:11:44","guid":{"rendered":"https:\/\/karlydigitalworld.com\/?post_type=product&#038;p=1635"},"modified":"2024-09-19T16:11:44","modified_gmt":"2024-09-19T16:11:44","slug":"les-3-questions-les-plus-importantes-vishen-en-francais","status":"publish","type":"product","link":"https:\/\/karlydigitalworld.com\/index.php\/product\/les-3-questions-les-plus-importantes-vishen-en-francais\/","title":{"rendered":"Les 3 Questions les Plus Importantes &#8211; Vishen (En Fran\u00e7ais)"},"content":{"rendered":"<h3 style=\"text-align: center;\">Clart\u00e9, croissance perp\u00e9tuelle et libert\u00e9<\/h3>\n<h3 style=\"text-align: center;\">de concevoir une vie selon vos condition<\/h3>\n<p>&nbsp;<\/p>\n<p>Cr\u00e9\u00e9es par Vishen, fondateur de Mindvalley, les 3 questions les plus importantes sont une m\u00e9thodologie optimis\u00e9e pour atteindre vos objectifs qui vous \u00e9l\u00e8ve vers votre meilleure vie et la meilleure version de vous-m\u00eame.<\/p>\n<p>&nbsp;<\/p>\n<p>Et il l\u2019a cr\u00e9\u00e9 \u00e0 cause d\u2019un probl\u00e8me s\u00e9rieux :<\/p>\n<p>&nbsp;<\/p>\n<p><strong>L&#8217;\u00e9tablissement d&#8217;objectifs traditionnels \u00e9chouait compl\u00e8tement non seulement pour lui-m\u00eame, mais aussi pour la grande majorit\u00e9 des \u00e9tudiants de Mindvalley.<\/strong><\/p>\n<p>&nbsp;<\/p>\n<p>La grande faiblesse de la d\u00e9finition d\u2019objectifs est qu\u2019elle vous oblige \u00e0 d\u00e9finir ce que vous voulez et comment vous allez y parvenir\u2026<\/p>\n<ul>\n<li>Mais sans vous montrer si ces objectifs vous conviennent.<\/li>\n<li>Et sans vous donner la passion, la vision et l&#8217;\u00e9lan in\u00e9branlables n\u00e9cessaires pour atteindre ces objectifs.<\/li>\n<\/ul>\n<p>&nbsp;<\/p>\n<p>Lorsque vous ma\u00eetrisez les 3 questions les plus importantes, vous \u00eates lib\u00e9r\u00e9 du mod\u00e8le obsol\u00e8te de d\u00e9finition d\u2019objectifs qui maintient des millions de personnes pi\u00e9g\u00e9es et frustr\u00e9es pendant des d\u00e9cennies.<\/p>\n<p>&nbsp;<\/p>\n<p>Et vous acqu\u00e9rez les comp\u00e9tences, l\u2019\u00e9tat d\u2019esprit et l\u2019\u00e2me dont vous avez besoin pour envisager et atteindre les objectifs qui vous conviennent.<\/p>\n","protected":false},"excerpt":{"rendered":"<div class=\"w-full lg_w-2\/3 mx-auto mb-7 md_mb-9 min-h-fit storyblok__outline\" data-v-199920cb=\"\" data-blok-c=\"undefined\" data-blok-uid=\"undefined\">\n<div class=\"pb-markdown min-h-fit mv-type--headline5 text-center storyblok__outline\" data-v-199920cb=\"\" data-blok-c=\"undefined\" data-blok-uid=\"undefined\">\n<div class=\"w-full lg_w-2\/3 mx-auto mb-7 md_mb-9 min-h-fit storyblok__outline\" data-v-199920cb=\"\" data-blok-c=\"undefined\" data-blok-uid=\"undefined\">\n<div class=\"pb-markdown min-h-fit mv-type--headline5 text-center storyblok__outline\" data-v-199920cb=\"\" data-blok-c=\"undefined\" data-blok-uid=\"undefined\">\n<div id=\"\" class=\"w-full lg_w-2\/3 mx-auto mb-7 md_mb-9 min-h-fit storyblok__outline\" data-v-199920cb=\"\" data-blok-c=\"undefined\" data-blok-uid=\"undefined\">\n<div class=\"pb-markdown min-h-fit mv-type--headline5 text-center storyblok__outline\" data-v-199920cb=\"\" data-blok-c=\"undefined\" data-blok-uid=\"undefined\">\n<div class=\"w-full lg_w-2\/3 mx-auto mb-7 md_mb-9 min-h-fit storyblok__outline\" data-v-65686310=\"\" data-blok-c=\"undefined\" data-blok-uid=\"undefined\">\n<div class=\"pb-markdown min-h-fit mv-type--headline5 text-center storyblok__outline\" data-v-65686310=\"\" data-blok-c=\"undefined\" data-blok-uid=\"undefined\">\n<h3>Les 3 questions les plus importantes Vishen Lakhiani Mindvalley<\/h3>\n<\/div>\n<\/div>\n<\/div>\n<\/div>\n<div id=\"\" class=\"w-full lg_w-2\/3 mx-auto min-h-fit storyblok__outline\" data-v-199920cb=\"\" data-blok-c=\"undefined\" data-blok-uid=\"undefined\">\n<div class=\"pb-markdown min-h-fit mv-type--body storyblok__outline\" data-v-199920cb=\"\" data-blok-c=\"undefined\" data-blok-uid=\"undefined\"><\/div>\n<\/div>\n<\/div>\n<\/div>\n<\/div>\n<\/div>\n<p>\u2705 Le\u00e7on 4<\/p>\n<p>\u23f1 1 Heures 38 Minutes<\/p>\n<p>\ud83d\udc42\ud83c\udffbAudio en fran\u00e7ais<\/p>\n<p>Acc\u00e9der \u00e0 Google Drive<\/p>\n","protected":false},"featured_media":1636,"comment_status":"open","ping_status":"closed","template":"","meta":{"site-sidebar-layout":"default","site-content-layout":"","ast-site-content-layout":"default","site-content-style":"default","site-sidebar-style":"default","ast-global-header-display":"","ast-banner-title-visibility":"","ast-main-header-display":"","ast-hfb-above-header-display":"","ast-hfb-below-header-display":"","ast-hfb-mobile-header-display":"","site-post-title":"","ast-breadcrumbs-content":"","ast-featured-img":"","footer-sml-layout":"","theme-transparent-header-meta":"default","adv-header-id-meta":"","stick-header-meta":"","header-above-stick-meta":"","header-main-stick-meta":"","header-below-stick-meta":"","astra-migrate-meta-layouts":"set","ast-page-background-enabled":"default","ast-page-background-meta":{"desktop":{"background-color":"var(--ast-global-color-4)","background-image":"","background-repeat":"repeat","background-position":"center center","background-size":"auto","background-attachment":"scroll","background-type":"","background-media":"","overlay-type":"","overlay-color":"","overlay-gradient":""},"tablet":{"background-color":"","background-image":"","background-repeat":"repeat","background-position":"center center","background-size":"auto","background-attachment":"scroll","background-type":"","background-media":"","overlay-type":"","overlay-color":"","overlay-gradient":""},"mobile":{"background-color":"","background-image":"","background-repeat":"repeat","background-position":"center center","background-size":"auto","background-attachment":"scroll","background-type":"","background-media":"","overlay-type":"","overlay-color":"","overlay-gradient":""}},"ast-content-background-meta":{"desktop":{"background-color":"var(--ast-global-color-5)","background-image":"","background-repeat":"repeat","background-position":"center center","background-size":"auto","background-attachment":"scroll","background-type":"","background-media":"","overlay-type":"","overlay-color":"","overlay-gradient":""},"tablet":{"background-color":"var(--ast-global-color-5)","background-image":"","background-repeat":"repeat","background-position":"center center","background-size":"auto","background-attachment":"scroll","background-type":"","background-media":"","overlay-type":"","overlay-color":"","overlay-gradient":""},"mobile":{"background-color":"var(--ast-global-color-5)","background-image":"","background-repeat":"repeat","background-position":"center center","background-size":"auto","background-attachment":"scroll","background-type":"","background-media":"","overlay-type":"","overlay-color":"","overlay-gradient":""}},"_joinchat":[]},"product_cat":[22,21,20],"product_tag":[],"_links":{"self":[{"href":"https:\/\/karlydigitalworld.com\/index.php\/wp-json\/wp\/v2\/product\/1635"}],"collection":[{"href":"https:\/\/karlydigitalworld.com\/index.php\/wp-json\/wp\/v2\/product"}],"about":[{"href":"https:\/\/karlydigitalworld.com\/index.php\/wp-json\/wp\/v2\/types\/product"}],"replies":[{"embeddable":true,"href":"https:\/\/karlydigitalworld.com\/index.php\/wp-json\/wp\/v2\/comments?post=1635"}],"wp:featuredmedia":[{"embeddable":true,"href":"https:\/\/karlydigitalworld.com\/index.php\/wp-json\/wp\/v2\/media\/1636"}],"wp:attachment":[{"href":"https:\/\/karlydigitalworld.com\/index.php\/wp-json\/wp\/v2\/media?parent=1635"}],"wp:term":[{"taxonomy":"product_cat","embeddable":true,"href":"https:\/\/karlydigitalworld.com\/index.php\/wp-json\/wp\/v2\/product_cat?post=1635"},{"taxonomy":"product_tag","embeddable":true,"href":"https:\/\/karlydigitalworld.com\/index.php\/wp-json\/wp\/v2\/product_tag?post=1635"}],"curies":[{"name":"wp","href":"https:\/\/api.w.org\/{rel}","templated":true}]}}