{"id":1528,"date":"2024-05-17T15:48:22","date_gmt":"2024-05-17T15:48:22","guid":{"rendered":"https:\/\/karlydigitalworld.com\/?post_type=product&#038;p=1528"},"modified":"2024-05-24T14:47:47","modified_gmt":"2024-05-24T14:47:47","slug":"lart-de-la-projection-astrale-jade-shaw-en-francais","status":"publish","type":"product","link":"https:\/\/karlydigitalworld.com\/index.php\/product\/lart-de-la-projection-astrale-jade-shaw-en-francais\/","title":{"rendered":"L&#8217;art de la projection astrale Jade Shaw (En Fran\u00e7ais)"},"content":{"rendered":"<div class=\"pb-markdown min-h-fit mv-type--titlebold8 storyblok__outline\" data-v-199920cb=\"\" data-blok-c=\"undefined\" data-blok-uid=\"undefined\">\n<h4 style=\"text-align: center;\">Avez-vous d\u00e9j\u00e0 eu l\u2019impression frustrante d\u2019\u00eatre d\u00e9sesp\u00e9r\u00e9ment bloqu\u00e9(e) ?<\/h4>\n<\/div>\n<p>&nbsp;<\/p>\n<div class=\"pb-markdown min-h-fit mv-type--body mt-4 storyblok__outline\" data-v-199920cb=\"\" data-blok-c=\"undefined\" data-blok-uid=\"undefined\">\n<p>Parfois, il est possible que vous vous sentiez bloqu\u00e9(e) dans votre\u00a0<em><strong>corps<\/strong><\/em>\u00a0: cela peut s\u2019apparenter \u00e0 de la douleur physique, de la fatigue ou m\u00eame simplement au drame logistique de votre conscience encha\u00een\u00e9e \u00e0 un morceau de chair.<\/p>\n<p>&nbsp;<\/p>\n<p>Il se peut que vous vous sentiez aussi bloqu\u00e9(e) dans votre\u00a0<em><strong>esprit<\/strong><\/em>\u00a0: par la douleur \u00e9motionnelle, des habitudes ind\u00e9sirables, des mod\u00e8les dont vous \u00eates incapable de vous lib\u00e9rer ou de tristes souvenirs grav\u00e9s en vous tels un tatouage.<\/p>\n<p>&nbsp;<\/p>\n<p>Tout cela pourrait m\u00eame \u00eatre relatif \u00e0 votre\u00a0<em><strong>\u00e2me<\/strong><\/em>\u00a0: dans le sens o\u00f9 vous d\u00e9sirez un objectif plus clair, une direction ou une connexion avec votre v\u00e9ritable \u00eatre ou avec l\u2019Univers.<\/p>\n<p>&nbsp;<\/p>\n<p><strong>Mais pourquoi rester bloqu\u00e9(e) quand vous pouvez voler ?<\/strong><\/p>\n<p>&nbsp;<\/p>\n<p>La\u00a0<strong>projection astrale<\/strong>\u00a0(\u00e9galement connue comme une exp\u00e9rience de sortie de corps contr\u00f4l\u00e9e) est la pratique spirituelle ultime qui vous propulse bien au-del\u00e0 des limites per\u00e7ues &#8211;<\/p>\n<p>&nbsp;<\/p>\n<p>Vers une source multi-dimensionnelle de croissance, de libert\u00e9 et de clart\u00e9.<\/p>\n<p>&nbsp;<\/p>\n<p>Que vous l\u2019utilisiez pour explorer vos v\u00e9rit\u00e9s les plus profondes ou pour atteindre les parties les plus lointaines du cosmos, c\u2019est une exp\u00e9rience exaltante, fascinante, transformatrice, revigorante, accessible et compl\u00e8tement naturelle qui ouvrira votre \u00e2me.<\/p>\n<p>&nbsp;<\/p>\n<p>Et puisque tout le monde n\u2019arr\u00eate pas d\u2019en parler, des physiciens quantiques aux producteurs d\u2019Hollywood, de plus en plus de gens veulent s\u2019y initier.<\/p>\n<p>&nbsp;<\/p>\n<p>Contrairement \u00e0 ce que vous avez pu entendre, la projection astrale n\u2019est pas difficile. N\u2019importe qui peut s\u2019y mettre rapidement, sans avoir aucun don ou comp\u00e9tences particuli\u00e8res.<\/p>\n<p>&nbsp;<\/p>\n<p>Vous devez simplement suivre les \u00e9tapes ad\u00e9quates et \u00e9prouv\u00e9es.<\/p>\n<p>&nbsp;<\/p>\n<p>Vous serez guid\u00e9(e) \u00e0 travers ces \u00e9tapes gr\u00e2ce \u00e0\u00a0<em>L\u2019art de la projection astrale<\/em>\u00a0: un programme dirig\u00e9 par Jade Shaw, mentore acclam\u00e9e dans le domaine des \u00e9tats modifi\u00e9s, qui vous transformera en un(e) explorateur(-trice) de haut vol des plans astraux en seulement 28 jours ou moins.<\/p>\n<\/div>\n<p>&nbsp;<\/p>\n<div class=\"w-full lg_w-2\/3 mx-auto mb-7 md_mb-9 min-h-fit storyblok__outline\" data-v-199920cb=\"\" data-blok-c=\"undefined\" data-blok-uid=\"undefined\">\n<div class=\"pb-markdown min-h-fit mv-type--headline5 text-center storyblok__outline\" data-v-199920cb=\"\" data-blok-c=\"undefined\" data-blok-uid=\"undefined\">\n<h3 style=\"text-align: center;\">Le guide ultime de la projection astrale :<\/h3>\n<p>&nbsp;<\/p>\n<p>Maintenant tout le monde peut voler<\/p>\n<p>&nbsp;<\/p>\n<\/div>\n<\/div>\n<div id=\"\" class=\"w-full lg_w-2\/3 mx-auto min-h-fit storyblok__outline\" data-v-199920cb=\"\" data-blok-c=\"undefined\" data-blok-uid=\"undefined\">\n<div class=\"pb-markdown min-h-fit mv-type--body storyblok__outline\" data-v-199920cb=\"\" data-blok-c=\"undefined\" data-blok-uid=\"undefined\">\n<p><em>L\u2019art de la projection astrale<\/em>\u00a0est un programme embl\u00e9matique de Jade Shaw, sommit\u00e9 dans le domaine des \u00e9tats modifi\u00e9s, en collaboration avec\u00a0<em>Mindvalley<\/em>\u00a0et\u00a0<em>l\u2019Institut Monroe<\/em>, une organisation connue pour apporter des exp\u00e9riences de sortie de corps au monde occidental. Gr\u00e2ce \u00e0 un \u00e9quilibre optimal entre la psychologie occidentale et les traditions orientales, ce programme vous d\u00e9voilera un processus simple en quatre \u00e9tapes pour vivre et ma\u00eetriser la projection astrale. Durant ce programme, vous vous concentrerez sur les deux domaines fondamentaux du voyage astral :<\/p>\n<p>&nbsp;<\/p>\n<ol>\n<li>L\u2019exploration et la d\u00e9couverte de l\u2019ext\u00e9rieur : embarquer dans des aventures astrales vers des lieux, plan\u00e8tes, dimensions et personnes (aussi bien vivantes que d\u00e9c\u00e9d\u00e9es), au-del\u00e0 des contraintes de l\u2019espace et du temps.<\/li>\n<li>La croissance et la gu\u00e9rison internes : obtenir une guidance cl\u00e9, une croissance personnelle, une conscience de soi-m\u00eame et une clart\u00e9 d\u2019objectifs, tout en faisant votre deuil, en surmontant les peurs et la douleur \u00e9motionnelle et en trouvant la paix int\u00e9rieure gr\u00e2ce au voyage astral.<\/li>\n<\/ol>\n<p>&nbsp;<\/p>\n<p>En plus de son programme de formation quotidienne de 28 jours, cette Qu\u00eate inclut une\u00a0<em>technologie sonore de synchronisation gamma 3D<\/em>, con\u00e7ue par\u00a0<em>l\u2019Institut Monroe<\/em>\u00a0pour guider votre esprit rapidement, doucement et de mani\u00e8re fiable vers l\u2019\u00e9tat n\u00e9cessaire au voyage astral.<\/p>\n<p>&nbsp;<\/p>\n<p><em>L\u2019art de la projection astrale<\/em>\u00a0vous procure tout ce dont vous avez besoin pour embarquer dans des voyages astraux pour le reste de votre vie &#8211; et conna\u00eetre tous les bienfaits de cette pratique bouleversante.<\/p>\n<p>&nbsp;<\/p>\n<\/div>\n<\/div>\n<div id=\"\" class=\"mv-container min-h-fit storyblok__outline\" data-v-199920cb=\"\" data-blok-c=\"undefined\" data-blok-uid=\"undefined\">\n<div class=\"w-full text-center lg_w-2\/3 mx-auto min-h-fit storyblok__outline\" data-v-199920cb=\"\" data-blok-c=\"undefined\" data-blok-uid=\"undefined\">\n<div class=\"pb-markdown min-h-fit mv-type--titlebold4 text-center storyblok__outline\" data-v-199920cb=\"\" data-blok-c=\"undefined\" data-blok-uid=\"undefined\">\n<h2 style=\"text-align: center;\">Le programme<\/h2>\n<\/div>\n<\/div>\n<\/div>\n<div id=\"\" class=\"mv-container mv-section__gutter--small min-h-fit storyblok__outline\" data-v-199920cb=\"\" data-blok-c=\"undefined\" data-blok-uid=\"undefined\">\n<div class=\"pb-markdown min-h-fit mv-type--titlebold5 text-center mb-8 md_mb-12 lg_mb-16 lg_w-2\/3 mx-auto storyblok__outline\" data-v-199920cb=\"\" data-blok-c=\"undefined\" data-blok-uid=\"undefined\">\n<h3 style=\"text-align: center;\">Explorez le programme de\u00a0<em>L\u2019art de la projection astrale<\/em><\/h3>\n<p>&nbsp;<\/p>\n<\/div>\n<p><img decoding=\"async\" class=\"aligncenter\" src=\"https:\/\/storyblok-cdn.mindvalley.com\/f\/60579\/2068x1110\/7f0ccc09d7\/ap_sp_devices_curriculum_fr.png?trans?quality=60&amp;auto=webp&amp;dpr=1&amp;width=800\" alt=\"L\u2019art de la projection astrale sur plusieurs appareils\" \/><\/p>\n<\/div>\n<p><em>L\u2019art de la projection astrale<\/em>\u00a0est un programme en ligne facile \u00e0 suivre qui vous enseignera les fondamentaux de la projection astrale, ainsi que la capacit\u00e9 \u00e0 embarquer et vous guider dans vos propres voyages astraux.<\/p>\n<p>&nbsp;<\/p>\n<p>Durant 28 jours, vous rejoindrez quotidiennement Jade Shaw dans de courtes le\u00e7ons en format vid\u00e9o de 15 \u00e0 20 minutes, con\u00e7ues pour enrichir vos connaissances et votre capacit\u00e9 \u00e0 r\u00e9aliser une projection astrale de fa\u00e7on graduelle et constante.<\/p>\n<p>&nbsp;<\/p>\n<p>Le programme est divis\u00e9 en quatre parties distinctes, chacune ayant son propre th\u00e8me et ses propres objectifs.<\/p>\n<p>&nbsp;<\/p>\n<p>Avec Jade en tant que guide, vous conna\u00eetrez toutes les dimensions et possibilit\u00e9s qu\u2019offre le voyage astral. Vous apprendrez \u00e0 naviguer \u00e0 la fois dans les plans astraux et votre propre esprit, afin d\u2019en tirer les meilleures exp\u00e9riences. Vous en ressortirez avec une pratique que vous utiliserez pendant des d\u00e9cennies pour explorer, grandir et atteindre votre plein potentiel.<\/p>\n","protected":false},"excerpt":{"rendered":"<div class=\"w-full lg_w-2\/3 mx-auto mb-7 md_mb-9 min-h-fit storyblok__outline\" data-v-199920cb=\"\" data-blok-c=\"undefined\" data-blok-uid=\"undefined\">\n<div class=\"pb-markdown min-h-fit mv-type--headline5 text-center storyblok__outline\" data-v-199920cb=\"\" data-blok-c=\"undefined\" data-blok-uid=\"undefined\">\n<div class=\"w-full lg_w-2\/3 mx-auto mb-7 md_mb-9 min-h-fit storyblok__outline\" data-v-199920cb=\"\" data-blok-c=\"undefined\" data-blok-uid=\"undefined\">\n<div class=\"pb-markdown min-h-fit mv-type--headline5 text-center storyblok__outline\" data-v-199920cb=\"\" data-blok-c=\"undefined\" data-blok-uid=\"undefined\">\n<h3>Le guide ultime de la projection astrale : Maintenant tout le monde peut voler<\/h3>\n<\/div>\n<\/div>\n<\/div>\n<\/div>\n<div id=\"\" class=\"w-full lg_w-2\/3 mx-auto min-h-fit storyblok__outline\" data-v-199920cb=\"\" data-blok-c=\"undefined\" data-blok-uid=\"undefined\">\n<div class=\"pb-markdown min-h-fit mv-type--body storyblok__outline\" data-v-199920cb=\"\" data-blok-c=\"undefined\" data-blok-uid=\"undefined\"><\/div>\n<\/div>\n<p>\u2705 Le\u00e7on 28<\/p>\n<p>\u23f1 7 Heures 58 Minutes<\/p>\n<p>\ud83d\udc42\ud83c\udffbAudio en fran\u00e7ais<\/p>\n<p>Acc\u00e9der \u00e0 Google Drive<\/p>\n","protected":false},"featured_media":1529,"comment_status":"open","ping_status":"closed","template":"","meta":{"site-sidebar-layout":"default","site-content-layout":"","ast-site-content-layout":"default","site-content-style":"default","site-sidebar-style":"default","ast-global-header-display":"","ast-banner-title-visibility":"","ast-main-header-display":"","ast-hfb-above-header-display":"","ast-hfb-below-header-display":"","ast-hfb-mobile-header-display":"","site-post-title":"","ast-breadcrumbs-content":"","ast-featured-img":"","footer-sml-layout":"","theme-transparent-header-meta":"default","adv-header-id-meta":"","stick-header-meta":"","header-above-stick-meta":"","header-main-stick-meta":"","header-below-stick-meta":"","astra-migrate-meta-layouts":"set","ast-page-background-enabled":"default","ast-page-background-meta":{"desktop":{"background-color":"var(--ast-global-color-4)","background-image":"","background-repeat":"repeat","background-position":"center center","background-size":"auto","background-attachment":"scroll","background-type":"","background-media":"","overlay-type":"","overlay-color":"","overlay-gradient":""},"tablet":{"background-color":"","background-image":"","background-repeat":"repeat","background-position":"center center","background-size":"auto","background-attachment":"scroll","background-type":"","background-media":"","overlay-type":"","overlay-color":"","overlay-gradient":""},"mobile":{"background-color":"","background-image":"","background-repeat":"repeat","background-position":"center center","background-size":"auto","background-attachment":"scroll","background-type":"","background-media":"","overlay-type":"","overlay-color":"","overlay-gradient":""}},"ast-content-background-meta":{"desktop":{"background-color":"var(--ast-global-color-5)","background-image":"","background-repeat":"repeat","background-position":"center center","background-size":"auto","background-attachment":"scroll","background-type":"","background-media":"","overlay-type":"","overlay-color":"","overlay-gradient":""},"tablet":{"background-color":"var(--ast-global-color-5)","background-image":"","background-repeat":"repeat","background-position":"center center","background-size":"auto","background-attachment":"scroll","background-type":"","background-media":"","overlay-type":"","overlay-color":"","overlay-gradient":""},"mobile":{"background-color":"var(--ast-global-color-5)","background-image":"","background-repeat":"repeat","background-position":"center center","background-size":"auto","background-attachment":"scroll","background-type":"","background-media":"","overlay-type":"","overlay-color":"","overlay-gradient":""}},"_joinchat":[]},"product_cat":[22,21,20],"product_tag":[],"_links":{"self":[{"href":"https:\/\/karlydigitalworld.com\/index.php\/wp-json\/wp\/v2\/product\/1528"}],"collection":[{"href":"https:\/\/karlydigitalworld.com\/index.php\/wp-json\/wp\/v2\/product"}],"about":[{"href":"https:\/\/karlydigitalworld.com\/index.php\/wp-json\/wp\/v2\/types\/product"}],"replies":[{"embeddable":true,"href":"https:\/\/karlydigitalworld.com\/index.php\/wp-json\/wp\/v2\/comments?post=1528"}],"wp:featuredmedia":[{"embeddable":true,"href":"https:\/\/karlydigitalworld.com\/index.php\/wp-json\/wp\/v2\/media\/1529"}],"wp:attachment":[{"href":"https:\/\/karlydigitalworld.com\/index.php\/wp-json\/wp\/v2\/media?parent=1528"}],"wp:term":[{"taxonomy":"product_cat","embeddable":true,"href":"https:\/\/karlydigitalworld.com\/index.php\/wp-json\/wp\/v2\/product_cat?post=1528"},{"taxonomy":"product_tag","embeddable":true,"href":"https:\/\/karlydigitalworld.com\/index.php\/wp-json\/wp\/v2\/product_tag?post=1528"}],"curies":[{"name":"wp","href":"https:\/\/api.w.org\/{rel}","templated":true}]}}