{"id":1517,"date":"2024-05-09T00:37:25","date_gmt":"2024-05-09T00:37:25","guid":{"rendered":"https:\/\/karlydigitalworld.com\/?post_type=product&#038;p=1517"},"modified":"2025-11-02T10:22:37","modified_gmt":"2025-11-02T10:22:37","slug":"5-jours-pour-une-memoire-infaillible-jim-kwik","status":"publish","type":"product","link":"https:\/\/karlydigitalworld.com\/index.php\/product\/5-jours-pour-une-memoire-infaillible-jim-kwik\/","title":{"rendered":"5 jours pour une m\u00e9moire infaillible &#8211; Jim Kwik (En Fran\u00e7ais)"},"content":{"rendered":"<section class=\"mx-auto w-full px-6 md:block md:w-3\/5 md:text-center\">\n<h1 class=\"mb-3 text-2xl font-bold leading-tight tracking-wide md:text-5xl\" style=\"text-align: center;\">5 jours pour une m\u00e9moire infaillible<\/h1>\n<div class=\"text-md leading-tight tracking-wide text-gray-800 md:text-2xl\" style=\"text-align: center;\">avec Jim Kwik<\/div>\n<div><\/div>\n<\/section>\n<section class=\"mx-auto w-full p-6 font-extralight text-gray-700 md:my-12 md:w-4\/5 md:p-0 md:text-center\">\n<div>D\u00e9veloppez une m\u00e9moire surhumaine en seulement 5 jours gr\u00e2ce \u00e0 des outils et exercices bas\u00e9s sur la science qui fonctionnent pour tout le monde et \u00e0 tout \u00e2ge. Con\u00e7u par le ma\u00eetre de l&#8217;entra\u00eenement mental Jim Kwik.<\/div>\n<\/section>\n<div><\/div>\n<div><\/div>\n<div>Rencontrez Jim Kwik Jim Kwik, de son vrai nom, est le leader mondial en mati\u00e8re de performances c\u00e9r\u00e9brales, de forme mentale et d\u2019am\u00e9lioration de la m\u00e9moire.<\/div>\n<div><\/div>\n<div>Il est PDG de Kwik Learning, la premi\u00e8re acad\u00e9mie d&#8217;apprentissage acc\u00e9l\u00e9r\u00e9 en ligne avec des \u00e9tudiants dans 195 pays.<\/div>\n<div><\/div>\n<div>Ses clients incluent Google, Virgin, Nike, Zappos, WordPress, SpaceX, Cleveland Clinic, Caltech, Harvard et Singularity University. Kwik est l&#8217;auteur du best-seller du New York Times et du WSJ : &#8220;Limitless &#8211; Am\u00e9liorez votre cerveau, apprenez n&#8217;importe quoi plus rapidement, d\u00e9bloquez votre vie exceptionnelle&#8221;.<\/div>\n<div><\/div>\n<div>Il est l&#8217;animateur du c\u00e9l\u00e8bre podcast \u00ab Kwik Brain \u00bb, qui est r\u00e9guli\u00e8rement la meilleure \u00e9mission de formation p\u00e9dagogique sur iTunes avec des dizaines de millions de t\u00e9l\u00e9chargements. Sa mission : aucun cerveau laiss\u00e9 pour compte.<\/div>\n","protected":false},"excerpt":{"rendered":"<div class=\"w-full lg_w-2\/3 mx-auto mb-7 md_mb-9 min-h-fit storyblok__outline\" data-v-199920cb=\"\" data-blok-c=\"undefined\" data-blok-uid=\"undefined\">\n<div class=\"pb-markdown min-h-fit mv-type--headline5 text-center storyblok__outline\" data-v-199920cb=\"\" data-blok-c=\"undefined\" data-blok-uid=\"undefined\">\n<h3>D\u00e9couvrez 5 astuces puissantes pour d\u00e9bloquer votre Superbrain et apprendre plus vite, retenir plus et oublier moins.<\/h3>\n<\/div>\n<\/div>\n<div id=\"\" class=\"w-full lg_w-2\/3 mx-auto min-h-fit storyblok__outline\" data-v-199920cb=\"\" data-blok-c=\"undefined\" data-blok-uid=\"undefined\">\n<div class=\"pb-markdown min-h-fit mv-type--body storyblok__outline\" data-v-199920cb=\"\" data-blok-c=\"undefined\" data-blok-uid=\"undefined\"><\/div>\n<\/div>\n<p>\u2705 Le\u00e7on 5<\/p>\n<p>\u23f1 1 Heures 10 Minutes<\/p>\n<p>\ud83d\udc42\ud83c\udffbAudio en fran\u00e7ais<\/p>\n<p>Acc\u00e9der \u00e0 Google Drive<\/p>\n","protected":false},"featured_media":1518,"comment_status":"open","ping_status":"closed","template":"","meta":{"site-sidebar-layout":"default","site-content-layout":"","ast-site-content-layout":"default","site-content-style":"default","site-sidebar-style":"default","ast-global-header-display":"","ast-banner-title-visibility":"","ast-main-header-display":"","ast-hfb-above-header-display":"","ast-hfb-below-header-display":"","ast-hfb-mobile-header-display":"","site-post-title":"","ast-breadcrumbs-content":"","ast-featured-img":"","footer-sml-layout":"","theme-transparent-header-meta":"default","adv-header-id-meta":"","stick-header-meta":"","header-above-stick-meta":"","header-main-stick-meta":"","header-below-stick-meta":"","astra-migrate-meta-layouts":"set","ast-page-background-enabled":"default","ast-page-background-meta":{"desktop":{"background-color":"var(--ast-global-color-4)","background-image":"","background-repeat":"repeat","background-position":"center center","background-size":"auto","background-attachment":"scroll","background-type":"","background-media":"","overlay-type":"","overlay-color":"","overlay-gradient":""},"tablet":{"background-color":"","background-image":"","background-repeat":"repeat","background-position":"center center","background-size":"auto","background-attachment":"scroll","background-type":"","background-media":"","overlay-type":"","overlay-color":"","overlay-gradient":""},"mobile":{"background-color":"","background-image":"","background-repeat":"repeat","background-position":"center center","background-size":"auto","background-attachment":"scroll","background-type":"","background-media":"","overlay-type":"","overlay-color":"","overlay-gradient":""}},"ast-content-background-meta":{"desktop":{"background-color":"var(--ast-global-color-5)","background-image":"","background-repeat":"repeat","background-position":"center center","background-size":"auto","background-attachment":"scroll","background-type":"","background-media":"","overlay-type":"","overlay-color":"","overlay-gradient":""},"tablet":{"background-color":"var(--ast-global-color-5)","background-image":"","background-repeat":"repeat","background-position":"center center","background-size":"auto","background-attachment":"scroll","background-type":"","background-media":"","overlay-type":"","overlay-color":"","overlay-gradient":""},"mobile":{"background-color":"var(--ast-global-color-5)","background-image":"","background-repeat":"repeat","background-position":"center center","background-size":"auto","background-attachment":"scroll","background-type":"","background-media":"","overlay-type":"","overlay-color":"","overlay-gradient":""}},"_joinchat":[]},"product_cat":[22,21,20],"product_tag":[],"_links":{"self":[{"href":"https:\/\/karlydigitalworld.com\/index.php\/wp-json\/wp\/v2\/product\/1517"}],"collection":[{"href":"https:\/\/karlydigitalworld.com\/index.php\/wp-json\/wp\/v2\/product"}],"about":[{"href":"https:\/\/karlydigitalworld.com\/index.php\/wp-json\/wp\/v2\/types\/product"}],"replies":[{"embeddable":true,"href":"https:\/\/karlydigitalworld.com\/index.php\/wp-json\/wp\/v2\/comments?post=1517"}],"wp:featuredmedia":[{"embeddable":true,"href":"https:\/\/karlydigitalworld.com\/index.php\/wp-json\/wp\/v2\/media\/1518"}],"wp:attachment":[{"href":"https:\/\/karlydigitalworld.com\/index.php\/wp-json\/wp\/v2\/media?parent=1517"}],"wp:term":[{"taxonomy":"product_cat","embeddable":true,"href":"https:\/\/karlydigitalworld.com\/index.php\/wp-json\/wp\/v2\/product_cat?post=1517"},{"taxonomy":"product_tag","embeddable":true,"href":"https:\/\/karlydigitalworld.com\/index.php\/wp-json\/wp\/v2\/product_tag?post=1517"}],"curies":[{"name":"wp","href":"https:\/\/api.w.org\/{rel}","templated":true}]}}