{"id":1396,"date":"2024-04-15T23:47:31","date_gmt":"2024-04-15T23:47:31","guid":{"rendered":"https:\/\/karlydigitalworld.com\/?post_type=product&#038;p=1396"},"modified":"2025-11-02T10:23:00","modified_gmt":"2025-11-02T10:23:00","slug":"abondance-illimitee-christie-marie-sheldon-mindvalley-en-francais","status":"publish","type":"product","link":"https:\/\/karlydigitalworld.com\/index.php\/product\/abondance-illimitee-christie-marie-sheldon-mindvalley-en-francais\/","title":{"rendered":"Abondance Illimit\u00e9e Christie Marie Sheldon Mindvalley (En Fran\u00e7ais) + Bonus Suppl\u00e9mentaires"},"content":{"rendered":"<div class=\"pb-markdown mv-type--titlebold8 storyblok__outline\" data-blok-c=\"undefined\" data-blok-uid=\"undefined\">\n<h3 style=\"text-align: center;\">\u00c0 la personne qui d\u00e9sire une vie plus abondante<\/h3>\n<h3 style=\"text-align: center;\">(mais qui ne semble pas y arriver) :<\/h3>\n<\/div>\n<p>&nbsp;<\/p>\n<div class=\"pb-markdown mv-type--body mt-4 storyblok__outline\" data-blok-c=\"undefined\" data-blok-uid=\"undefined\">\n<p>Avez-vous parfois l\u2019impression que votre salaire et vos r\u00e9ussites ne sont pas \u00e0 la hauteur de votre potentiel ?<\/p>\n<p>Lorsque vous \u00eates confront\u00e9 \u00e0 la possibilit\u00e9 d&#8217;une richesse ou d&#8217;une opportunit\u00e9, sentez-vous parfois un blocage ou une voix de doute venant de l&#8217;int\u00e9rieur ?<\/p>\n<p>Et lorsqu&#8217;il s&#8217;agit d&#8217;argent, vous arrive-t-il de lutter contre des ressentis d&#8217;indignit\u00e9, de peur, d&#8217;auto-sabotage, ou m\u00eame l&#8217;id\u00e9e que l&#8217;argent est mauvais ?<\/p>\n<p>&nbsp;<\/p>\n<p>Si vous avez r\u00e9pondu \u00ab oui \u00bb \u00e0 l&#8217;une de ces questions, il est fort probable que vous soyez confront\u00e9 \u00e0 ce que l&#8217;on appelle des \u00ab blocages d&#8217;Abondance \u00bb. Selon la sp\u00e9cialiste en gu\u00e9rison \u00e9nerg\u00e9tique Christie Marie Sheldon, les blocages d&#8217;Abondance sont des \u00e9l\u00e9ments de programmation \u00e9nerg\u00e9tique et subconsciente qui sabotent secr\u00e8tement votre capacit\u00e9 \u00e0 attirer et \u00e0 conserver la richesse.<\/p>\n<p>&nbsp;<\/p>\n<p>Il y en existe 24, et ils peuvent avoir n\u2019importe quelle origine &#8211; vos parents, vos amis, vos mentors et mod\u00e8les, ou m\u00eame les m\u00e9dias.<\/p>\n<p>Si vous ne les contr\u00f4lez pas, vos blocages d&#8217;Abondance vous suivront toute votre vie et vous priveront de la prosp\u00e9rit\u00e9 et du succ\u00e8s que vous m\u00e9ritez.<\/p>\n<p>&nbsp;<\/p>\n<p>Mais comme vous \u00eates sur le point de le d\u00e9couvrir gr\u00e2ce au programme\u00a0<em>Abondance illimit\u00e9e<\/em>, vous avez d\u00e9j\u00e0 tout ce dont vous avez besoin pour vous lib\u00e9rer de vos blocages d&#8217;Abondance. Et Christie va vous montrer comment.<\/p>\n<\/div>\n<p>&nbsp;<\/p>\n<p style=\"text-align: center;\"><span style=\"font-size: 1.5em; font-weight: bold;\">Comment vous lib\u00e9rer de fa\u00e7on permanente vos blocages d&#8217;Abondance<\/span><\/p>\n<p>&nbsp;<\/p>\n<div id=\"\" class=\"w-full lg_w-2\/3 mx-auto storyblok__outline\" data-blok-c=\"undefined\" data-blok-uid=\"undefined\">\n<div class=\"pb-markdown mv-type--body storyblok__outline\" data-blok-c=\"undefined\" data-blok-uid=\"undefined\">\n<p>Supprimer vos blocages d&#8217;Abondance n&#8217;est pas quelque chose que vous pouvez faire seul(e). Car m\u00eame si vous savez exactement ce qu&#8217;ils sont, et m\u00eame si vous prenez la d\u00e9cision consciente de vous en lib\u00e9rer&#8230; Votre fr\u00e9quence \u00e9nerg\u00e9tique existante et vos sch\u00e9mas de pens\u00e9es subconscientes vous ram\u00e8neront toujours \u00e0 eux. Retour \u00e0 la case d\u00e9part, retour aux m\u00eames croyances et comportements limitatifs subconscients.<\/p>\n<p style=\"text-align: center;\"><strong>C&#8217;est la raison pour laquelle la cl\u00e9 pour vous en lib\u00e9rer est d&#8217;aller \u00e0 la source : la partie <\/strong><\/p>\n<p style=\"text-align: center;\"><strong>de votre champ \u00e9nerg\u00e9tique personnel connue sous le nom de la fr\u00e9quence d&#8217;Abondance.<\/strong><\/p>\n<p>&nbsp;<\/p>\n<p>Et c&#8217;est l\u00e0 que Christie Marie Sheldon intervient. Gr\u00e2ce \u00e0 son don unique pour p\u00e9n\u00e9trer dans les champs \u00e9nerg\u00e9tiques des gens, elle a cr\u00e9\u00e9 une s\u00e9rie de techniques remarquablement efficaces pour acc\u00e9der \u00e0 votre fr\u00e9quence d&#8217;Abondance et \u00e9liminer syst\u00e9matiquement tous les blocages qui la d\u00e9tiennent.<\/p>\n<\/div>\n<\/div>\n<p>&nbsp;<\/p>\n<p>&nbsp;<\/p>\n<div class=\"mv-container storyblok__outline\" data-blok-c=\"undefined\" data-blok-uid=\"undefined\">\n<div class=\"w-full text-center lg_w-2\/3 mx-auto storyblok__outline\" data-blok-c=\"undefined\" data-blok-uid=\"undefined\">\n<div class=\"pb-markdown mv-type--titlebold4 text-center mb-8 md_mb-10 lg_mb-12 storyblok__outline\" data-blok-c=\"undefined\" data-blok-uid=\"undefined\">\n<h2 style=\"text-align: center;\">Le programme<\/h2>\n<\/div>\n<\/div>\n<\/div>\n<div id=\"\" class=\"mv-container storyblok__outline\" data-blok-c=\"undefined\" data-blok-uid=\"undefined\">\n<div class=\"pb-markdown mv-type--titlebold5 text-center mb-8 md_mb-12 lg_mb-16 lg_w-2\/3 mx-auto storyblok__outline\" data-blok-c=\"undefined\" data-blok-uid=\"undefined\">\n<h3 style=\"text-align: center;\">Explorez le programme de Abondance illimit\u00e9e<\/h3>\n<p>&nbsp;<\/p>\n<\/div>\n<p><img decoding=\"async\" class=\"aligncenter\" src=\"https:\/\/storyblok-cdn.mindvalley.com\/f\/60579\/2068x1110\/796c3be70e\/ua_sp_devices_curriculum_fr.png?trans?quality=60&amp;auto=webp&amp;dpr=1&amp;width=657\" alt=\"Abondance illimit\u00e9e sur diff\u00e9rents appareils\" \/><\/p>\n<\/div>\n<p>Le programme\u00a0<em>Abondance illimit\u00e9e<\/em>\u00a0est une exp\u00e9rience de nettoyage \u00e9nerg\u00e9tique en ligne con\u00e7ue pour effacer chacun de vos blocages d&#8217;Abondance, l&#8217;un apr\u00e8s l&#8217;autre. Gr\u00e2ce \u00e0 une s\u00e9rie d&#8217;enregistrements audio immersifs, Christie va puiser dans votre fr\u00e9quence \u00e9nerg\u00e9tique, acc\u00e9der \u00e0 votre subconscient et vous lib\u00e9rer de chacun de vos blocages d&#8217;Abondance.<\/p>\n<p>&nbsp;<\/p>\n<p>Ce programme est con\u00e7u pour vous apporter la m\u00eame transformation que celle que vous exp\u00e9rimenteriez lors de s\u00e9ances individuelles de nettoyage \u00e9nerg\u00e9tique avec Christie, une sp\u00e9cialiste en gu\u00e9rison \u00e9nerg\u00e9tique, mais \u00e0 une fraction du prix, et \u00e0 votre propre rythme.<\/p>\n<p>&nbsp;<\/p>\n","protected":false},"excerpt":{"rendered":"<h3>Plongez profond\u00e9ment dans votre sch\u00e9ma \u00e9nerg\u00e9tique et lib\u00e9rez-vous de vos blocages d\u2019Abondance personnels<\/h3>\n<p>\u2705 Le\u00e7on 24 + bonus<\/p>\n<p>\u23f1 21 Heures 58 Minutes<\/p>\n<p>\u2705\u00a0 Workbook<\/p>\n<p>\u2705\u00a0 \u00a0Test diagnostique<\/p>\n<p>\u2705\u00a0 + Bonus Suppl\u00e9mentaires<\/p>\n<p>\ud83d\udc42\ud83c\udffbAudio en fran\u00e7ais<\/p>\n<p>Acc\u00e9der \u00e0 Google Drive<\/p>\n","protected":false},"featured_media":1397,"comment_status":"open","ping_status":"closed","template":"","meta":{"site-sidebar-layout":"default","site-content-layout":"","ast-site-content-layout":"default","site-content-style":"default","site-sidebar-style":"default","ast-global-header-display":"","ast-banner-title-visibility":"","ast-main-header-display":"","ast-hfb-above-header-display":"","ast-hfb-below-header-display":"","ast-hfb-mobile-header-display":"","site-post-title":"","ast-breadcrumbs-content":"","ast-featured-img":"","footer-sml-layout":"","theme-transparent-header-meta":"default","adv-header-id-meta":"","stick-header-meta":"","header-above-stick-meta":"","header-main-stick-meta":"","header-below-stick-meta":"","astra-migrate-meta-layouts":"set","ast-page-background-enabled":"default","ast-page-background-meta":{"desktop":{"background-color":"var(--ast-global-color-4)","background-image":"","background-repeat":"repeat","background-position":"center center","background-size":"auto","background-attachment":"scroll","background-type":"","background-media":"","overlay-type":"","overlay-color":"","overlay-gradient":""},"tablet":{"background-color":"","background-image":"","background-repeat":"repeat","background-position":"center center","background-size":"auto","background-attachment":"scroll","background-type":"","background-media":"","overlay-type":"","overlay-color":"","overlay-gradient":""},"mobile":{"background-color":"","background-image":"","background-repeat":"repeat","background-position":"center center","background-size":"auto","background-attachment":"scroll","background-type":"","background-media":"","overlay-type":"","overlay-color":"","overlay-gradient":""}},"ast-content-background-meta":{"desktop":{"background-color":"var(--ast-global-color-5)","background-image":"","background-repeat":"repeat","background-position":"center center","background-size":"auto","background-attachment":"scroll","background-type":"","background-media":"","overlay-type":"","overlay-color":"","overlay-gradient":""},"tablet":{"background-color":"var(--ast-global-color-5)","background-image":"","background-repeat":"repeat","background-position":"center center","background-size":"auto","background-attachment":"scroll","background-type":"","background-media":"","overlay-type":"","overlay-color":"","overlay-gradient":""},"mobile":{"background-color":"var(--ast-global-color-5)","background-image":"","background-repeat":"repeat","background-position":"center center","background-size":"auto","background-attachment":"scroll","background-type":"","background-media":"","overlay-type":"","overlay-color":"","overlay-gradient":""}},"_joinchat":[]},"product_cat":[22,21,20],"product_tag":[],"_links":{"self":[{"href":"https:\/\/karlydigitalworld.com\/index.php\/wp-json\/wp\/v2\/product\/1396"}],"collection":[{"href":"https:\/\/karlydigitalworld.com\/index.php\/wp-json\/wp\/v2\/product"}],"about":[{"href":"https:\/\/karlydigitalworld.com\/index.php\/wp-json\/wp\/v2\/types\/product"}],"replies":[{"embeddable":true,"href":"https:\/\/karlydigitalworld.com\/index.php\/wp-json\/wp\/v2\/comments?post=1396"}],"wp:featuredmedia":[{"embeddable":true,"href":"https:\/\/karlydigitalworld.com\/index.php\/wp-json\/wp\/v2\/media\/1397"}],"wp:attachment":[{"href":"https:\/\/karlydigitalworld.com\/index.php\/wp-json\/wp\/v2\/media?parent=1396"}],"wp:term":[{"taxonomy":"product_cat","embeddable":true,"href":"https:\/\/karlydigitalworld.com\/index.php\/wp-json\/wp\/v2\/product_cat?post=1396"},{"taxonomy":"product_tag","embeddable":true,"href":"https:\/\/karlydigitalworld.com\/index.php\/wp-json\/wp\/v2\/product_tag?post=1396"}],"curies":[{"name":"wp","href":"https:\/\/api.w.org\/{rel}","templated":true}]}}